.
6
Let a(p) = -p**3 - 4*p**2 + 16*p - 4. Give a(-7).
31
Let d(v) = -3*v - 15. What is d(-4)?
-3
Let q(p) = 36*p - 82. Give q(3).
26
Let l(u) = 3*u + 36. Determine l(-21).
-27
Let t(h) = -20*h + 204. Determine t(11).
-16
Let l(b) = -b**3 - 14*b**2 - 30*b + 25. What is l(-11)?
-8
Let b(k) = -k**2 - 3*k + 4. Give b(-3).
4
Let h(z) = -z**3 + 4*z**2 + z + 5. Give h(4).
9
Let j(u) = 11*u - 44. Give j(5).
11
Let f(l) = -7*l**2 - 125*l + 22. What is f(-18)?
4
Let y(k) = 2*k**3 + k**2 + 2*k - 2. Calculate y(0).
-2
Let i(g) = g**3 + 5*g**2 + 4*g + 9. What is i(-6)?
-51
Let t(y) = -4*y - 39. Calculate t(-9).
-3
Let i(l) = 20*l - 2. What is i(-2)?
-42
Let x(b) = 4*b - 5. What is x(-6)?
-29
Let o(i) = -8*i**2 - 2*i. What is o(-2)?
-28
Let q(v) = -8*v + 4. What is q(-3)?
28
Let k(u) = -u**2 - 19*u - 71. Calculate k(-10).
19
Let d(l) = l**3 - 12*l**2 - 8*l - 31. Determine d(13).
34
Let c(g) = -g - 9. What is c(-9)?
0
Let r(k) = -k**2 - 11*k + 17. Give r(-12).
5
Let m(p) = p**3 - 10*p**2 + 24*p - 4. Calculate m(6).
-4
Let b(a) = -a**2 - 54*a - 159. Determine b(-3).
-6
Let k(z) = -z**3 - 33*z**2 - 181*z + 14. Determine k(-26).
-12
Let m(k) = -17*k**3 + k**2 + k - 1. Calculate m(1).
-16
Let o(q) = q**3 + 4*q**2 + 4*q - 4. Give o(-3).
-7
Let d(p) = 21*p**2 - 2*p + 1. Calculate d(1).
20
Let r(j) = 2*j**2 - j - 1. Calculate r(-1).
2
Let n(z) = -z**3 + z**2 + 1. Determine n(3).
-17
Let u(v) = 4*v**3 + 3*v**2 - 2*v - 1. Calculate u(2).
39
Let b(v) = 8*v - 90. What is b(26)?
118
Let o(d) = d**2 - 25*d + 6. Give o(24).
-18
Let b(i) = -2*i + 1. What is b(5)?
-9
Let v(k) = -29*k - 6. What is v(0)?
-6
Let g(u) = -u**3 + 6*u**2 - u + 3. What is g(6)?
-3
Let y(z) = -z**3 - 4*z**2 + 4*z - 1. Give y(-3).
-22
Let v(q) = -q**3 + 7*q - 3. Determine v(0).
-3
Let k(s) = s**2 + 10*s - 8. Calculate k(-10).
-8
Let y(o) = -2*o**2 + 6*o + 5. Give y(4).
-3
Let x(l) = -l**3 + 5*l - 4. Calculate x(3).
-16
Let a(o) = 2*o**2 + 22*o + 7. What is a(-5)?
-53
Let q(s) = -2*s**2 + 10*s - 2. Determine q(5).
-2
Let j(w) = w**3 - 14*w**2 - 31*w - 19. Calculate j(16).
-3
Let b(l) = -28*l**2 + 1. What is b(-1)?
-27
Let n(d) = -4*d - 11. Calculate n(-10).
29
Let t(b) = b**2 + 18*b + 35. Calculate t(-17).
18
Let q(a) = -4*a - 18. Calculate q(-10).
22
Let w(m) = 6*m - 3. What is w(4)?
21
Let m(d) = -d**3 + 8*d**2 + 2*d + 21. Give m(10).
-159
Let m(v) = 10*v - 36. Determine m(5).
14
Let c(v) = -2*v - 6. Give c(-13).
20
Let b(d) = -d + 5. What is b(5)?
0
Let s(k) = 24*k - 23. Determine s(1).
1
Let u(x) = -24*x**3 + x. What is u(-1)?
23
Let h(x) = x**2 - 9. Calculate h(2).
-5
Let l(s) = -s**2 + s + 5. Determine l(6).
-25
Let w(a) = -a**2 - 18*a + 49. Calculate w(-23).
-66
Let g(m) = -m**3 - 14*m**2 + 13*m - 20. Calculate g(-15).
10
Let q(m) = m**3 - 5*m**2 - 6*m + 7. Determine q(6).
7
Let f(z) = 33*z + 468. Give f(-14).
6
Let g(d) = d**3 - 4*d**2 - d - 3. What is g(5)?
17
Let j(r) = r**2 + 21*r + 27. Give j(-14).
-71
Let h(c) = 2*c - 28. Determine h(9).
-10
Let m(w) = -3*w**2 + 9*w + 21. Calculate m(-4).
-63
Let m(s) = -s**3 - s**2 + 9*s - 12. What is m(-4)?
0
Let s(i) = i**2 - 6*i - 3. Calculate s(0).
-3
Let o(g) = -g**2 - g - 2. Calculate o(0).
-2
Let c(d) = 6*d**3 + 2*d**2 - 2. Give c(1).
6
Let q(t) = -t**3 - 22*t**2 + 51*t + 17. Give q(-24).
-55
Let k(j) = -j**3 - j**2 + 6*j - 10. Give k(0).
-10
Let i(b) = 44*b - 612. What is i(14)?
4
Let q(c) = -c**3 - 2*c**2 + 4*c - 4. Calculate q(-4).
12
Let f(g) = 3*g**2 + 5*g + 31. What is f(-6)?
109
Let s(c) = 19*c + 88. Determine s(-5).
-7
Let d(y) = -y**3 - y**2 + 3*y - 4. Determine d(-3).
5
Let c(k) = k**3 + 7*k**2 - 8*k + 4. Give c(-8).
4
Let w(u) = -u**3 + 12*u**2 + u - 10. Determine w(12).
2
Let o(c) = -5*c**2 + 5*c + 4. Give o(-1).
-6
Let v(f) = -f**3 + 5*f**2 + 2*f + 2. Give v(6).
-22
Let p(i) = -i**2 + 9*i - 8. What is p(7)?
6
Let f(d) = -d**3 - 11*d**2 + d - 8. What is f(-12)?
124
Let y(a) = a**2 + a. Calculate y(-3).
6
Let s(f) = f**2 - 9*f + 18. Determine s(8).
10
Let o(t) = 2*t**2 + 6*t - 37. Give o(-6).
-1
Let n(t) = t**2 + 2*t - 16. What is n(-7)?
19
Let o(q) = q**3 - 15*q**2 + 12*q + 17. Determine o(14).
-11
Let c(g) = -g**3 - 5*g**2 + 2*g + 2. What is c(-5)?
-8
Let p(n) = -n**3 - 3*n + 4. What is p(2)?
-10
Let t(a) = -a**3 - 7*a**2 - 11*a - 12. What is t(-6)?
18
Let d(z) = -3*z**2 + z. Determine d(1).
-2
Let i(p) = p**3 + 8*p**2 - 12*p + 13. Calculate i(-9).
40
Let c(r) = 3*r**2 - 4*r - 2. Give c(-4).
62
Let p(z) = 11*z**2 - 81*z + 13. Give p(7).
-15
Let n(j) = j**3 - 4*j**2 - 3*j + 1. Determine n(5).
11
Let c(o) = -3*o + 3. What is c(2)?
-3
Let n(t) = t**3 - 9*t**2 + 7*t + 14. Determine n(8).
6
Let a(k) = -k**2 + k + 12. Give a(-3).
0
Let y(m) = -m - 7. Give y(-3).
-4
Let p(t) = t**2 + 34*t - 6. Give p(-36).
66
Let v(c) = -c**3 + 2*c**2 - 21*c + 21. Give v(1).
1
Let x(d) = -6*d + 2. Give x(19).
-112
Let o(k) = k**3 + 8*k**2 + 7*k + 14. Give o(-7).
14
Let i(y) = -10*y + 3. What is i(0)?
3
Let o(k) = k**3 + 13*k**2 + 14*k + 29. Give o(-12).
5
Let u(t) = 13*t**2 - 2*t + 1. Give u(-1).
16
Let t(v) = -v**3 - 25*v**2 + 24*v - 27. What is t(-26)?
25
Let f(r) = -r**2 + 19. What is f(4)?
3
Let b(v) = 36*v**3 + v**2 + v. Calculate b(-1).
-36
Let m(f) = 14*f + 1. What is m(-1)?
-13
Let n(j) = -2*j - 3. Give n(-15).
27
Let z(r) = -4*r + 20. Give z(7).
-8
Let h(s) = 2*s**3 + 13*s**2 + 5*s - 8. Give h(-6).
-2
Let w(k) = -6*k**3 - 17*k**2 + 5*k + 4. Determine w(-3).
-2
Let m(q) = q**2 - 14*q - 34. What is m(16)?
-2
Let q(x) = -68*x - 2037. Give q(-30).
3
Let s(d) = -4*d**2 + 2*d + 4. Calculate s(2).
-8
Let y(c) = -33*c - 98. Give y(-3).
1
Let w(j) = j**3 + 2*j**2 - 36*j - 109. Give w(-5).
-4
Let h(z) = -z**3 + 32*z**2 - 63*z + 89. Give h(30).
-1
Let j(g) = -5*g**3 + 3*g**2 - g - 3. Determine j(-1).
6
Let r(x) = -52*x + 166. What is r(3)?
10
Let v(i) = i**2 + 13*i - 116. What is v(-19)?
-2
Let b(t) = -2*t**3 + 3*t**2 - 2*t + 3. Calculate b(2).
-5
Let y(t) = t + 14. What is y(-12)?
2
Let o(c) = 24*c - 385. Determine o(16).
-1
Let b(a) = -6*a + 6. Determine b(2).
-6
Let j(p) = -p**2 + 4*p + 5. Calculate j(6).
-7
Let p(f) = -f**2 - 14*f - 52. What is p(-5)?
-7
Let n(q) = -q**3 + 5*q**2 - 4*q. Calculate n(3).
6
Let n(o) = -o**2 - o - 11. Give n(0).
-11
Let g(c) = -c - 6. Calculate g(-17).
11
Let m(u) = -u + 7. Calculate m(6).
1
Let n(h) = -37*h + 21. Calculate n(1).
-16
Let x(n) = -n**3 - 16*n**2 + 8*n + 128. Give x(-16).
0
Let u(h) = -35*h - 284. What is u(-8)?
-4
Let r(n) = -2*n**2 - 40*n - 202. What is r(-9)?
-4
Let i(n) = n**3 - 12*n**2 - 8. What is i(12)?
-8
Let s(n) = 3*n**3 + 3*n**2 - 4. Determine s(-2).
-16
Let n(v) = 11*v + 54. What is n(-5)?
-1
Let t(s) = 3*s**2 - 3*s - 20. Give t(3).
-2
Let j(l) = l**2 + 11*l - 84. Give j(-16).
-4
Let p(t) = -t**2 - 9*t - 3. Calculate p(-7).
11
Let d(y) = -23*y + 45. What is d(5)?
-70
Let g(c) = c**2 + c - 5. Calculate g(-5).
15
Let i(x) = -16*x**2 - 98*x - 1. Calculate i(-6).
11
Let y(o) = -4*o**2 - 4*o - 3. Give y(-3).
-27
Let r(j) = j**2 + 9*j + 12. Determine r(-7).
-2
Let l(b) = b**3. What is l(-1)?
-1
Let o(u) = 41*u - 3. Give o(-3).
-126
Let q(y) = -3*y**2 + 2*y - 1. Determine q(1).
-2
Let c(r) = 3*r - 94. Calculate c(30).
-4
Let f(y) = 49*y. Determine f(1).
49
Let g(q) = q**2 + 26*q + 78. Give g(-22).
-10
Let v(s) = -s**2 - 22*s + 17. Give v(-16).
113
Let x(s) = -s**2 - 11*s + 17. Calculate x(-11).
17
Let z(v) = -11*v**2 + v - 4. What is z(2)?
-46
Let r(x) = x**3 + 5*x**2 + 18*x + 26. Calculate r(-2).
2
Let i(w) = 53*w + 13. Determine i(3).
172
Let f(c) = c**3 + 8*c**2 + 7*c + 9. Determine f(-7).
9
Let r(d) = -16*d + 68. Determine r(5).
-12
Let c(u) = -8*u + 22. Give c(8).
-42
Let i(k) = k**3 - 21*k**2 + 19*k + 40. Give i(20).
20
Let c(v) = 3*v - 156. Determine c(51).
-3
Let h(g) = -g**2 - 17*g - 13. Give h(-6).
53
Let q(a) = -13*a - 72. Determine q(-5).
-7
Let x(w) = 6*w**2 - 10*w + 4. Give x(3).
28
Let g(z) = -2*z**3 + 12*z**2 - 3*z + 31. Give g(6).
13
Let t(f) = -f - 5. What is t(-4)?
-1
Let d(c) = 5*c**2 + 13. Give d(0).
13
Let g(b) = -2*b + 8. Determine g(2).
4
Let j(v) = -v**3 + 5*v**2 + 5*v - 6. Give j(5).
19
Let z(h) = -8*h**2 + 5*h + 7. What is z(-2)?
-35
Let a(x) = 12*x - 125. Determine a(10).
-5
Let n(v) = -5*v**3 - 2*v**2 + v - 1. Give n(1).
-7
Let f(s) = s**3 + 5*s**2 + 10*s + 19. Give f(-4).
-